{"id":93,"date":"2024-02-21T14:40:51","date_gmt":"2024-02-21T14:40:51","guid":{"rendered":"https:\/\/schuetzen-glarus.ch\/wordpress\/?page_id=93"},"modified":"2026-02-02T17:43:56","modified_gmt":"2026-02-02T16:43:56","slug":"willkommen","status":"publish","type":"page","link":"https:\/\/schuetzen-glarus.ch\/wordpress\/","title":{"rendered":"Willkommen"},"content":{"rendered":"<p><strong style=\"font-size: 1rem;\">Willkommen auf der Website der 10m\/25m\/50m Pistolensch\u00fctzen Glarus!<\/strong><\/p>\n<div id=\"widget-cd646f86-c39e-e77b-8df9-34a6f4f276b6\" class=\"widget widget-pagecontent \">\n<div class=\"widget-content\">\n<div id=\"widget-ae8d4be2-31d8-4628-f6b3-4cdaa76c2089\" class=\"widget widget-text \">\n<div class=\"widget-content\">\n<p>Unser Sportsch\u00fctzenverein bietet w\u00f6chentliches Pistolenschiess-Training f\u00fcr Einzelpersonen sowie Gruppenwettk\u00e4mpfe im eigenen Schiessstand oder bei anderen Vereinen.<\/p>\n<p>Auch dieses Jahr freuen wir uns auf gute Wettk\u00e4mpfe und ein geselliges Zusammensein.<\/p>\n<p>Lust mal bei uns reinzuschauen?<\/p>\n<p>Komme einfach vorbei oder <a href=\"https:\/\/schuetzen-glarus.ch\/wordpress\/?page_id=106\" target=\"_blank\" rel=\"noopener\">melde dich direkt zu einem \u00a0Probetraining an<\/a>!<\/p>\n<\/div>\n<p>&nbsp;<\/p>\n<hr \/>\n<p>\u00fcbrigens&#8230;<\/p>\n<p><img loading=\"lazy\" decoding=\"async\" class=\"aligncenter wp-image-365 size-medium\" src=\"https:\/\/schuetzen-glarus.ch\/wordpress\/wp-content\/uploads\/2026\/02\/IMG_1633-300x227.png\" alt=\"\" width=\"300\" height=\"227\" srcset=\"https:\/\/schuetzen-glarus.ch\/wordpress\/wp-content\/uploads\/2026\/02\/IMG_1633-300x227.png 300w, https:\/\/schuetzen-glarus.ch\/wordpress\/wp-content\/uploads\/2026\/02\/IMG_1633-1024x774.png 1024w, https:\/\/schuetzen-glarus.ch\/wordpress\/wp-content\/uploads\/2026\/02\/IMG_1633-768x581.png 768w, https:\/\/schuetzen-glarus.ch\/wordpress\/wp-content\/uploads\/2026\/02\/IMG_1633-1536x1162.png 1536w, https:\/\/schuetzen-glarus.ch\/wordpress\/wp-content\/uploads\/2026\/02\/IMG_1633-2048x1549.png 2048w\" sizes=\"auto, (max-width: 300px) 100vw, 300px\" \/><\/p>\n<\/div>\n<p style=\"text-align: center;\"><span class=\"Apple-converted-space\">\u00a0<\/span><b>Einladung zur 53. Hauptversammlung<span class=\"Apple-converted-space\"><br \/>\n<\/span><\/b><b><\/b><b>Mittwoch, 18. M\u00e4rz 2026, 19:30 Uhr im Rest Bergli Glarus<span class=\"Apple-converted-space\">\u00a0<\/span><\/b><\/p>\n<p style=\"text-align: center;\">mehr Informationen unter \u00abAktuell\u00bb<\/p>\n<p>&nbsp;<\/p>\n<\/div>\n<\/div>\n","protected":false},"excerpt":{"rendered":"<p>Willkommen auf der Website der 10m\/25m\/50m Pistolensch\u00fctzen Glarus! Unser Sportsch\u00fctzenverein bietet w\u00f6chentliches Pistolenschiess-Training f\u00fcr Einzelpersonen sowie Gruppenwettk\u00e4mpfe im eigenen Schiessstand oder bei anderen Vereinen. Auch dieses Jahr freuen wir uns auf gute Wettk\u00e4mpfe und ein geselliges Zusammensein. Lust mal bei uns reinzuschauen? Komme einfach vorbei oder melde dich direkt zu einem \u00a0Probetraining an! &nbsp; \u00fcbrigens&#8230; &hellip; <\/p>\n<p class=\"link-more\"><a href=\"https:\/\/schuetzen-glarus.ch\/wordpress\/\" class=\"more-link\"><span class=\"screen-reader-text\">\u201eWillkommen\u201c <\/span>weiterlesen<\/a><\/p>\n","protected":false},"author":1,"featured_media":0,"parent":0,"menu_order":0,"comment_status":"closed","ping_status":"closed","template":"","meta":{"inline_featured_image":false,"footnotes":""},"class_list":["post-93","page","type-page","status-publish","hentry"],"_links":{"self":[{"href":"https:\/\/schuetzen-glarus.ch\/wordpress\/wp-json\/wp\/v2\/pages\/93","targetHints":{"allow":["GET"]}}],"collection":[{"href":"https:\/\/schuetzen-glarus.ch\/wordpress\/wp-json\/wp\/v2\/pages"}],"about":[{"href":"https:\/\/schuetzen-glarus.ch\/wordpress\/wp-json\/wp\/v2\/types\/page"}],"author":[{"embeddable":true,"href":"https:\/\/schuetzen-glarus.ch\/wordpress\/wp-json\/wp\/v2\/users\/1"}],"replies":[{"embeddable":true,"href":"https:\/\/schuetzen-glarus.ch\/wordpress\/wp-json\/wp\/v2\/comments?post=93"}],"version-history":[{"count":7,"href":"https:\/\/schuetzen-glarus.ch\/wordpress\/wp-json\/wp\/v2\/pages\/93\/revisions"}],"predecessor-version":[{"id":367,"href":"https:\/\/schuetzen-glarus.ch\/wordpress\/wp-json\/wp\/v2\/pages\/93\/revisions\/367"}],"wp:attachment":[{"href":"https:\/\/schuetzen-glarus.ch\/wordpress\/wp-json\/wp\/v2\/media?parent=93"}],"curies":[{"name":"wp","href":"https:\/\/api.w.org\/{rel}","templated":true}]}}