{"id":85,"date":"2024-02-21T14:34:24","date_gmt":"2024-02-21T14:34:24","guid":{"rendered":"https:\/\/schuetzen-glarus.ch\/wordpress\/?page_id=85"},"modified":"2026-02-02T17:46:37","modified_gmt":"2026-02-02T16:46:37","slug":"aktuell","status":"publish","type":"page","link":"https:\/\/schuetzen-glarus.ch\/wordpress\/aktuell\/","title":{"rendered":"Aktuell"},"content":{"rendered":"<h4 style=\"text-align: left;\"><a href=\"https:\/\/schuetzen-glarus.ch\/wordpress\/wp-content\/uploads\/2026\/02\/Einladung-HV26.pdf\">Einladung zur HV26<\/a> <img loading=\"lazy\" decoding=\"async\" class=\"aligncenter wp-image-362 size-full\" src=\"https:\/\/schuetzen-glarus.ch\/wordpress\/wp-content\/uploads\/2026\/02\/Einladung-HV26-scaled.jpg\" alt=\"\" width=\"1810\" height=\"2560\" srcset=\"https:\/\/schuetzen-glarus.ch\/wordpress\/wp-content\/uploads\/2026\/02\/Einladung-HV26-scaled.jpg 1810w, https:\/\/schuetzen-glarus.ch\/wordpress\/wp-content\/uploads\/2026\/02\/Einladung-HV26-212x300.jpg 212w, https:\/\/schuetzen-glarus.ch\/wordpress\/wp-content\/uploads\/2026\/02\/Einladung-HV26-724x1024.jpg 724w, https:\/\/schuetzen-glarus.ch\/wordpress\/wp-content\/uploads\/2026\/02\/Einladung-HV26-768x1086.jpg 768w, https:\/\/schuetzen-glarus.ch\/wordpress\/wp-content\/uploads\/2026\/02\/Einladung-HV26-1086x1536.jpg 1086w, https:\/\/schuetzen-glarus.ch\/wordpress\/wp-content\/uploads\/2026\/02\/Einladung-HV26-1448x2048.jpg 1448w\" sizes=\"auto, (max-width: 767px) 89vw, (max-width: 1000px) 54vw, (max-width: 1071px) 543px, 580px\" \/><\/h4>\n<p>&nbsp;<\/p>\n<p style=\"text-align: center;\"><span style=\"color: #3366ff;\"><a style=\"color: #3366ff;\" href=\"https:\/\/schuetzen-glarus.ch\/wordpress\/wp-content\/uploads\/2026\/02\/Einladung-HV26.pdf\" target=\"_blank\" rel=\"noopener\">Download Traktandenliste<\/a><\/span><\/p>\n<hr \/>\n<h4><\/h4>\n<h4 style=\"text-align: left;\"><strong>Neu:\u00a0<\/strong><\/h4>\n<div><\/div>\n<div class=\"elementToProof\">Ab dem 20. November 2025 bis Anfang M\u00e4rz 2026, jeweils um 19.30 Uhr, bieten wir <strong><em>Luftpistolenschiessen<\/em><\/strong> an. Die Teilnahme ist ab dem 10. Altersjahr m\u00f6glich.<\/div>\n<div><\/div>\n<p>&nbsp;<\/p>\n<div class=\"elementToProof\">Die Anlage (LSA) befindet sich im Fabrikgeb\u00e4ude, Fabrikstrasse 4, in Riedern.<\/div>\n<div><\/div>\n<div class=\"elementToProof\">Interessierte sind herzlich willkommen.<\/div>\n<div id=\"Signature\" class=\"elementToProof\"><\/div>\n","protected":false},"excerpt":{"rendered":"<p>Einladung zur HV26 &nbsp; Download Traktandenliste Neu:\u00a0 Ab dem 20. November 2025 bis Anfang M\u00e4rz 2026, jeweils um 19.30 Uhr, bieten wir Luftpistolenschiessen an. Die Teilnahme ist ab dem 10. Altersjahr m\u00f6glich. &nbsp; Die Anlage (LSA) befindet sich im Fabrikgeb\u00e4ude, Fabrikstrasse 4, in Riedern. Interessierte sind herzlich willkommen.<\/p>\n","protected":false},"author":1,"featured_media":307,"parent":0,"menu_order":0,"comment_status":"closed","ping_status":"closed","template":"","meta":{"inline_featured_image":false,"footnotes":""},"class_list":["post-85","page","type-page","status-publish","has-post-thumbnail","hentry"],"_links":{"self":[{"href":"https:\/\/schuetzen-glarus.ch\/wordpress\/wp-json\/wp\/v2\/pages\/85","targetHints":{"allow":["GET"]}}],"collection":[{"href":"https:\/\/schuetzen-glarus.ch\/wordpress\/wp-json\/wp\/v2\/pages"}],"about":[{"href":"https:\/\/schuetzen-glarus.ch\/wordpress\/wp-json\/wp\/v2\/types\/page"}],"author":[{"embeddable":true,"href":"https:\/\/schuetzen-glarus.ch\/wordpress\/wp-json\/wp\/v2\/users\/1"}],"replies":[{"embeddable":true,"href":"https:\/\/schuetzen-glarus.ch\/wordpress\/wp-json\/wp\/v2\/comments?post=85"}],"version-history":[{"count":41,"href":"https:\/\/schuetzen-glarus.ch\/wordpress\/wp-json\/wp\/v2\/pages\/85\/revisions"}],"predecessor-version":[{"id":369,"href":"https:\/\/schuetzen-glarus.ch\/wordpress\/wp-json\/wp\/v2\/pages\/85\/revisions\/369"}],"wp:featuredmedia":[{"embeddable":true,"href":"https:\/\/schuetzen-glarus.ch\/wordpress\/wp-json\/wp\/v2\/media\/307"}],"wp:attachment":[{"href":"https:\/\/schuetzen-glarus.ch\/wordpress\/wp-json\/wp\/v2\/media?parent=85"}],"curies":[{"name":"wp","href":"https:\/\/api.w.org\/{rel}","templated":true}]}}